 the units digit of s?
8
Let o = 247 - 140. What is the hundreds digit of o?
1
Suppose -m - 560 = -5*q - 6*m, -4*q = -4*m - 472. What is the units digit of q?
5
Suppose 7*g = 4*g + s + 14, -2*g + 3*s = -14. Let t(j) = j - 2. What is the units digit of t(g)?
2
Suppose -6 - 394 = -4*z. What is the tens digit of z?
0
Let t be 2 - (-4)/(-1 - 1). Suppose t*n + 4 = 2*n. What is the units digit of n?
2
Let v be (-16)/6 - 6/(-9). Let x be (v - -1)/(2/(-8)). Suppose 0 = 2*r - x. What is the units digit of r?
2
Let z(p) = p + 1. Let n be z(1). Let q(i) = i + 3*i**2 + n - 5 + 2*i. What is the tens digit of q(-3)?
1
Suppose -201 = -3*q - 3*g, 8 + 12 = 4*g. What is the tens digit of q?
6
Suppose 2*c = -2*c + 152. What is the units digit of c?
8
Let r(n) = -2*n - 12. Let g(s) = -3*s - 12. Let u(t) = 3*g(t) - 4*r(t). Let m be u(6). Let l(h) = -h**2 + 7*h + 4. What is the tens digit of l(m)?
1
Suppose 4*m - m - 9 = 0. Suppose 0 = -c - 2*f + 23, -c - 4*f + 72 = m*c. Suppose 5*x - 2 = c. What is the units digit of x?
3
Let i be 1/(2 + 1)*9. Let v(t) be the second derivative of t**3/6 + t**2/2 - 4*t. What is the units digit of v(i)?
4
Let h(k) = -k**2 - k. Let y be h(-2). What is the units digit of y - -2 - (-9)/1?
9
Let l(v) = -5*v + 2. Let a(i) = -11*i + 5. Let t(k) = -k**2 - 2*k + 3. Let n be t(2). Let r(w) = n*l(w) + 2*a(w). What is the units digit of r(3)?
9
Suppose 30 = 6*w - 138. What is the units digit of w?
8
Suppose 4*c - 51 = 293. Suppose -c = -5*h - 6. What is the units digit of h?
6
Let o be 208/3 + (-4)/(-6). Let w be ((-2)/4)/((-7)/o). Suppose w*k = 3*k + 4. What is the units digit of k?
2
Suppose 3 = -2*p + 5*p. What is the units digit of (6/10)/(p/10)?
6
What is the tens digit of 2 + 1023/21 - (-6)/21?
5
Let p(j) = 4*j**2 - 5*j + 2. What is the units digit of p(3)?
3
Let u(y) = -y + 4. Let j be u(4). Suppose j = h + 12 + 2. What is the units digit of (-10)/h - 2/(-7)?
1
Let d be (-5)/((-15)/(-12)) + 1. Let m = d + 5. What is the units digit of m?
2
Suppose 3*a + 5*u - 107 = 0, 3*a = 3*u + u + 125. What is the units digit of a?
9
Suppose 0 = -4*j - 4*y + 28, 3*y = -2*j + 3*j - 27. Let r = 8 + j. What is the tens digit of r?
2
Let l = 1 + -2. What is the units digit of 5 + -4 - (-9 - l)?
9
Let f(x) = x**3 - x**2 - x + 36. Let z be f(0). Suppose 2*d = 5*d - z. What is the tens digit of d?
1
Let v(d) = 2*d**2 + 5*d + 3. What is the units digit of v(-3)?
6
Suppose -z - c + 5 = c, -4*c = -4. Suppose z = -w + 5. What is the units digit of w?
2
Suppose 3*h - 8*h + 10 = 0. Suppose -h*b + 1 = 7. Let x(i) = i**2 + 3. What is the tens digit of x(b)?
1
Suppose 8*v - 3*v = 1130. What is the hundreds digit of v?
2
Let f = 7 - 10. What is the units digit of (f - -1) + 7/1?
5
Let m be (-2)/8 - 190/8. What is the tens digit of 2/(-8) + (-318)/m?
1
What is the tens digit of (-60)/50*260/(-6)?
5
Let i(s) = s**2 - 9*s + 3. Let v be i(9). Suppose 3*o + v = 4*o - 3*t, 3*o + 3*t = -3. Suppose o*u = -5*u + 15. What is the units digit of u?
3
Let c be 21/5 + (-4)/20. What is the tens digit of ((-2)/c)/((-3)/60)?
1
Suppose 4*i = 2*u - 110, -4*u + 2*u + 29 = -i. What is the units digit of (-72)/i*3/2?
4
Suppose -4 = 4*n, -n - 72 = 5*b + n. Suppose -s + 10 = -3*s. Let k = s - b. What is the units digit of k?
9
Let w = 11 - -6. What is the units digit of w?
7
Let m(r) = -r**2 + r + 52. What is the units digit of m(0)?
2
Let z = 23 + -7. Suppose 4*j - 4 - z = 0. What is the units digit of j?
5
Let x = -6 + 22. What is the units digit of x?
6
Suppose -2*i + 3*i = 3*j + 42, 2*i - 77 = -j. What is the units digit of i?
9
Let f(z) = -3*z**3 - 3*z**2 + 2*z - 1. Let l be f(2). Let o = -15 - l. What is the tens digit of o?
1
Let t = -3 - -2. Let b be (t/3)/(4/24). Let k = b - -5. What is the units digit of k?
3
Let p = 5 + -4. Let z be ((-2)/5)/(p/(-60)). Suppose 0 = -3*t + t + z. What is the tens digit of t?
1
Let v = 0 - -13. Let p = 0 + v. What is the tens digit of p?
1
Let k(c) = 69*c**3 + 2*c**2 - 2. What is the units digit of k(1)?
9
Let f be 43/(-4) - (-1)/(-4). Let w = 19 + f. What is the units digit of w?
8
Suppose 0 = -3*j + 148 - 19. What is the units digit of j?
3
Let g be -2 - ((2 - 0) + -2). Let k be g/(-3)*27/6. What is the units digit of -1 + 3 - k/3?
1
Suppose -28 = -2*b + 6. What is the tens digit of b?
1
Suppose 2*d = 6*d. Let a(r) be the third derivative of r**6/120 + r**5/60 + 2*r**3 + r**2. What is the units digit of a(d)?
2
Let h = 177 - 115. Suppose -h = -5*j + 2*b + 3, -2*b = 5*j - 65. What is the tens digit of j?
1
Let t(p) = 4*p**2 + 14*p + 7. What is the units digit of t(-4)?
5
Suppose 0 = -3*b + 7*b - 2*m - 124, -2*b + 54 = -5*m. Suppose y = -y + b. What is the units digit of y?
6
Let d(n) = -2*n - 3*n + 2 - 7*n + n. What is the tens digit of d(-2)?
2
What is the units digit of (-72)/3*(-3)/9?
8
What is the units digit of (-63)/12*(-8)/3?
4
Suppose -6*f + 962 = -328. What is the hundreds digit of f?
2
Let i be ((-6)/(-4))/(3/(-8)). Let u = i - -6. Suppose -u*o + 27 = -3. What is the tens digit of o?
1
Let o be (-82)/(-8) - (-2)/(-8). Let w be (10/(-4))/((-1)/(-2)). Let g = w + o. What is the units digit of g?
5
Let p(v) = v - 7. Let f be p(7). Suppose -6*k - 3*s = -k - 19, k + 4*s - 14 = f. What is the units digit of k?
2
Suppose 2*l + 37 - 4 = 3*y, 3*l + 57 = -3*y. Let d = -1 - l. Suppose 12 = 2*n + h, 2*h - h = -3*n + d. What is the units digit of n?
5
Let q(h) = h**3 - 12*h**2 + 9*h - 3. Let i be q(11). Let m = -4 - i. What is the units digit of m?
1
Let k = 113 + -74. What is the tens digit of k?
3
Suppose -2*q + 0*q = 2, 5*q + 21 = -2*n. Let j = -7 - n. What is the tens digit of (1 - j) + (1 - -18)?
1
Let t = 27 + -19. What is the units digit of t?
8
Suppose -8*n + 20 = -3*n, -4*t - 3*n + 28 = 0. What is the units digit of (t - 2) + (-104)/(-4)?
8
Suppose 3*w + 281 = 2*d + 3*d, 4*w = 5*d - 283. What is the tens digit of d?
5
Let s be 4/(-8) - (-11)/2. Suppose s*l + 2*h = 7, -12 = 4*h - h. What is the units digit of l?
3
Suppose -3*r - 936 = -3*b, 3*b + r = 8*b - 1552. What is the tens digit of b?
1
Let r(c) = 3*c**2 - 2*c - 12. Let v(p) = p**2 + 14*p + 18. Let z be v(-13). What is the tens digit of r(z)?
5
Suppose 5*h + 3*n = 48, 0*n = -5*h + 2*n + 43. Let s = h - -6. What is the tens digit of s?
1
Let q = 63 + 91. What is the hundreds digit of q?
1
Suppose -2*l = -p - 4 - 1, -10 = 3*p - 5*l. Let r(u) = u**2 + 18*u + 4. Let z be r(-18). Suppose q - p = -m - 3*q, -50 = -z*m - q. What is the tens digit of m?
1
Let g = 3 + 17. Let y = 5 - 2. Suppose f - y*f + g = 0. What is the units digit of f?
0
Let c(w) be the first derivative of w**3 + 3*w**2/2 - w + 3. What is the units digit of c(-3)?
7
Suppose -5*x + x + 3*z + 256 = 0, 2*x - 128 = 2*z. Suppose 7*q - 3*q = x. What is the units digit of q?
6
Suppose 0*h + h - 4 = 0. Suppose 0 = h*p + p - 10. What is the units digit of p?
2
Let s(p) = p + 18. Let j(z) = -z**3 - 5*z**2 - 3*z - 4. Let b = -2 + -2. Let r be j(b). What is the units digit of s(r)?
0
Let u(m) = -39*m + 1. Let w(l) = l + 7. Let i be w(-8). Let s be u(i). Suppose s = 4*h + h. What is the units digit of h?
8
Let u = 10 + -20. Let t = 7 - u. What is the tens digit of t?
1
Let x = 52 + -29. Suppose -4 = k - x. Suppose 5 = 3*j - k. What is the units digit of j?
8
Suppose 128 = 4*b + 2*p, -2*b + p = -0*b - 72. What is the units digit of b?
4
Let w(q) = -q**3 + 10*q**2 - 10*q + 12. Let x be w(9). Suppose x*a - 1 - 5 = 0. What is the units digit of a?
2
Let j(c) be the third derivative of -c**5/60 - 11*c**4/24 + c**3 + 3*c**2. What is the tens digit of j(-10)?
1
Let m = 64 - 21. What is the units digit of m?
3
Suppose 5*g - 632 = t, -2*t = -0*g - 2*g + 248. What is the tens digit of g?
2
Suppose 0 = k + 2*z - 51, 0*z = -3*k - z + 143. What is the units digit of k?
7
Let g(l) be the first derivative of 3/4*l**4 + 1 + 0*l + 0*l**3 - 1/2*l**2. What is the units digit of g(1)?
2
Suppose 45 = 2*i - 131. What is the tens digit of i?
8
Suppose 2*c + 10 = 4*c. Suppose -4*l + 21 = 2*w - c*l, 4*w + l = 39. What is the units digit of w?
0
Suppose 4*s - 14 = v, -5*s + 5*v + 12 + 13 = 0. Let k = s + -2. Let d = k - -1. What is the units digit of d?
2
Let a = 22 + -20. Let p be (3/(-4))/((-1)/4). What is the units digit of -2*a*(-6)/p?
8
Suppose -546 - 30